remainder when o is divided by (-3)/(2 - (-121)/c).
12
Let w = -36 - -61. Let j(q) = -18*q - 68. Let b be j(-39). Suppose -30*r + 2824 = b. What is the remainder when r is divided by w?
23
Suppose 6*j - 12 = -0*j. Suppose -2*v = -4*b - 30, 0 = -j*v + 2*b - b + 33. Let t(y) = y + 20. Calculate the remainder when v is divided by t(-10).
7
Let y(v) = 158*v**3 - 6*v**2 - 7*v + 29. Calculate the remainder when y(2) is divided by 45.
40
Suppose -w - 3*m - 19 = -125, -5*w + 610 = -5*m. Let j(q) = -q**3 + 12*q**2 + 2*q - 16. Calculate the remainder when w is divided by j(12).
6
Suppose -28*o + 32769 = -9399. What is the remainder when o is divided by 1501?
5
Let z = -32 - -37. Let r(t) = t - 7. Let q be r(5). Calculate the remainder when z is divided by 2 - 1 - (q - 0).
2
What is the remainder when 11 + (-1)/((-9)/99927) is divided by 195?
194
Suppose 29*c + 1465 = 34*c - 2*k, -610 = -2*c - 4*k. Let j(i) = i**3 + 19*i**2 - 21*i + 7. What is the remainder when c is divided by j(-20)?
25
Let i(x) = x + 261. What is the remainder when i(-13) is divided by 10?
8
Suppose -16*j = -j - 148 - 32. Calculate the remainder when 72117 is divided by j.
9
Let z(o) = 3 - 3 - o**3 - 7*o - 3*o**2 - 4. Calculate the remainder when 72 + 12/5*41/(3034/185) is divided by z(-4).
38
Suppose 35*y + 35 = 42*y. Let s(b) = -7*b**3 + b**2 - b + 2. What is the remainder when s(-2) is divided by y?
4
Suppose 0 = 132*s - 125*s - 567. What is the remainder when 564 is divided by s?
78
Let y = 32 - 39. Calculate the remainder when (-5 - y)/(8/196) is divided by 39.
10
Suppose -2*o - 36 = -v - 339, -604 = -4*o + 4*v. Let a = 173 - o. Calculate the remainder when 122 is divided by a.
17
Let y = -4177 + 4190. Calculate the remainder when 619 is divided by y.
8
Let b = 7254 + -7221. What is the remainder when 46 is divided by b?
13
Let k be ((-1)/5*48*10)/(-1). Let q = -112 + k. What is the remainder when 29 is divided by (-4)/q + (-134)/(-8)?
12
Calculate the remainder when 35 is divided by 22/(-3*10/(-30)).
13
Let g be 1070*(341/77 + (-3)/7). What is the remainder when (g/30)/(2/3) is divided by 108?
106
Suppose 313*t = i + 317*t - 239, 2*t - 442 = -2*i. What is the remainder when 2566 is divided by i?
201
Let s be -290*4*(-12)/32. Let r = s + -361. What is the remainder when r is divided by 26?
22
Let k(u) be the second derivative of -11*u**3/6 - 97*u**2/2 - 28*u. What is the remainder when k(-11) is divided by 18?
6
Let d(i) = -581*i + 2437. What is the remainder when 12767 is divided by d(4)?
111
Let b(t) = -14*t + 17. Let p be b(-3). Let v = p - 57. Suppose 4*s - v*w - 78 = 0, -28 = -s - 3*w + 2. Calculate the remainder when s is divided by 5.
1
Calculate the remainder when 327 is divided by (3405/6)/((-285)/(-114)).
100
Let g(v) = 3*v**2 - 6*v + 4. What is the remainder when g(6) is divided by 19/((-133)/(-198)) - (-34)/(-119)?
20
Let m = -34390 - -34404. What is the remainder when 7984 is divided by m?
4
Let b(h) be the third derivative of h**6/120 - 7*h**5/60 - h**4/4 + 7*h**3/6 - 27*h**2 - h. Calculate the remainder when b(9) is divided by 31.
22
Let h = 40 + 15. Let j be 12/18 - 217/(-3). Suppose -3*q + 32 = -q + 2*g, -g = 4*q - j. Calculate the remainder when h is divided by q.
17
Let d = -195 - -308. Let o = -24106 + 24164. What is the remainder when d is divided by o?
55
Let p be 182 + -10 - -6*(-1)/2. Suppose 0 = -2*x + 3*x. Suppose -3*b = 3*s - 96, x = 5*s - 4*b - 0*b - p. Calculate the remainder when 65 is divided by s.
32
Suppose -5*k + 4*t = -9*k - 20, -3*k - 4*t = 16. Calculate the remainder when ((45/(-6))/(-5) - k)*12 is divided by 34.
32
Let c = -15948 + 15956. What is the remainder when 83 is divided by c?
3
Suppose -6*v + 58 = -5*v - 2*o, -2*v - 5*o = -62. Calculate the remainder when v is divided by 37.
9
Suppose -3193 + 16045 = 36*q. What is the remainder when 38 is divided by q/28 + 4/16?
12
Let j(p) be the third derivative of 29*p**4/8 - 11*p**3/3 + 14*p**2. Suppose 3*q - 42 - 138 = 0. Calculate the remainder when j(3) is divided by q.
59
Suppose -3*a = 24 + 2676. Let t = -633 - a. What is the remainder when t is divided by 27?
24
Let u(w) = -1250*w**3 - 15*w - 16. Calculate the remainder when u(-2) is divided by 43.
38
Let s(m) = m + 62. Let o(c) = 8*c + 122. Let j be o(-15). Suppose -18*k + 232 + j = 0. Calculate the remainder when s(0) is divided by k.
10
Let z = 68 + -57. Calculate the remainder when (-1214)/(-14) - (-4)/14 is divided by z.
10
Let j = 82 - 79. Suppose 5*g = j*v + 117 + 5, g - 30 = -5*v. What is the remainder when 71 is divided by g?
21
Suppose -11016*r - 5485 = -11021*r. What is the remainder when r is divided by 48?
41
Let h = 3991 - 2969. Calculate the remainder when h is divided by 32.
30
Let l be ((-14)/5)/((-16)/40). Suppose -i + 119 = 3*j, -i = -2*j - 2 + 83. Calculate the remainder when j is divided by (0 - 66)*1/(4 - l).
18
Let c = 6728 - 6717. Let v be 3 + (-2 - -37) - 1. Let l = 74 - v. What is the remainder when l is divided by c?
4
Let y = -7668 + 7713. Calculate the remainder when 85 is divided by y.
40
Suppose -81*x - 24*x + 142496 = 41*x. What is the remainder when x is divided by 196?
192
Suppose 5*d + 3*o = 112, 3 + 89 = 4*d + 3*o. Suppose -3*t - 5*r + d = 0, t + 2*r + 0 = 5. Calculate the remainder when 69 is divided by t.
9
Suppose 2216 + 241 = 351*b. Suppose v - 26 = -4*o - 8, 0 = 2*o - 8. What is the remainder when b is divided by v?
1
Suppose 2*k = -5*g + 2350, 2*g - 5*k - 956 = -9*k. Calculate the remainder when g is divided by 46.
8
Let z be 778 - (-7 + (-1)/(-1)). Calculate the remainder when 8/((-56)/(-35)) + z is divided by 88.
85
Let a(q) = 12*q + 101. Let c be a(-8). Suppose -c*x = -8*x + 18. Calculate the remainder when 39 is divided by x.
3
Let g(v) = v**2 + 3*v - 5. Suppose 0 = -4*q - 19 + 39. Suppose -2*b + 41 = -q. Calculate the remainder when b is divided by g(-6).
10
Let a(r) be the first derivative of -r**2 - r - 1. Let b(f) = 2*f**2 - 15*f + 27. Calculate the remainder when a(-3) is divided by b(2).
0
Let y = 10 - -9. Suppose 2*g + 4*g - 30 = 0. Suppose 2*m + 3*n + 108 = g*m, -4*m - n + 124 = 0. Calculate the remainder when m is divided by y.
13
Let u = 94 + -164. Let j = u - -104. Suppose -3*x = -0*x + 4*a - j, 0 = 3*x + a - 31. Calculate the remainder when 29 is divided by x.
9
Let a be ((-4)/6)/((-2)/3). Calculate the remainder when a*(-6 - -47) + -6 is divided by 14.
7
Suppose 187 = 3*b + 5*k + 21, -5*b + 178 = -4*k. What is the remainder when 208 is divided by b?
40
Let f(a) = 52*a**2 + a - 2. Suppose -3*w = -c + 10, c = -2*w + 12 - 17. Calculate the remainder when 147 is divided by f(c).
45
Suppose -256*z = 59*z - 41895. What is the remainder when 488 is divided by z?
89
Suppose 81*c - 56*c = 156*c - 10480. What is the remainder when 3919 is divided by c?
79
Let m = -14 + 36. Let t(q) be the first derivative of -15*q**2 - 48*q + 134. Calculate the remainder when m is divided by t(-2).
10
Let y be -3*(1 - (-480)/(-18)). Suppose -y = -7*k - 0*k. What is the remainder when 123/6 + (-1)/(-2) is divided by k?
10
Suppose -3*b + 156 = b. Let c(x) = 2*x**2 + 9*x + 6. Let n(o) = -o**3 + 13*o**2 - 43*o + 2. Let f be n(7). Calculate the remainder when b is divided by c(f).
6
Suppose -3*p - 8*g + 10*g = -12735, -3*p + 5*g + 12735 = 0. Calculate the remainder when p is divided by 11.
10
Let a = 286 + -287. What is the remainder when (-91)/a + 275/(-55) is divided by 29?
28
Let n(t) = -32*t + 913. Calculate the remainder when 1127 is divided by n(25).
110
Let s(y) = 31*y**2 + 65*y + 63. Calculate the remainder when 703 is divided by s(-1).
7
Let q(v) = -89*v + 7505. Calculate the remainder when q(71) is divided by 33.
31
Let f(t) = -t**2 - 23*t + 403. Calculate the remainder when 267 is divided by f(-34).
6
What is the remainder when 42 - 1/1*2 is divided by ((-3)/(-4))/((35/(-154))/(320/(-48)))?
18
Let h = -6074 - -6202. What is the remainder when h is divided by 31?
4
Let o(m) = 6*m + 16. Let y be o(0). Suppose -f = -2*c + y + 31, -53 = -2*c - 5*f. Let x = c - -16. What is the remainder when 117 is divided by x?
37
Suppose 113*z - 4*a = 115*z + 6, 4*z + 5*a = 0. Suppose 515 = -4*i + 8*i + z*p, 0 = i + p - 129. Calculate the remainder when i is divided by 27.
22
Let f(d) = 22*d**2 - 12*d - 55. Calculate